 ((-96)/n)/4. Let h(r) = r - 4. Give h(v).
-13
Let w(k) = -k**3 + 5*k**2 - 2. Let z be (-4)/22 - -2*(-3)/(-33). Suppose z = -14*d - 2 + 58. Calculate w(d).
14
Let t be (114/7)/(5/35). Suppose 15 = j + t. Let d = -97 - j. Let o(f) = -f**3 + 3*f**2 - 2*f - 1. Determine o(d).
-1
Let y(c) = -c**2 + 18*c - 83. Let v = 10 - -1. Let i be y(v). Let z(l) = l**2 - 2*l - 6. Determine z(i).
42
Let u(d) = -3*d + 2. Let h(n) = 5*n - 5. Let q(g) = -4*h(g) - 7*u(g). Let l be 19/(-38)*(1 - 49). Suppose -2*i - 10 = -2*k, 0 = -5*k + 1 + l. Give q(i).
6
Let z(d) be the second derivative of 7*d**5/20 + d**4/6 - d**3/6 - d. Let w(f) = 5*f**3 + 27*f**2 - 22*f - 23. Let b be w(-6). Determine z(b).
8
Suppose -2*m + 3 = -5*b, 2*b + 24 = 17*m - 20*m. Let d(q) = -3*q - 31. Calculate d(m).
-13
Let u(q) be the third derivative of 1/120*q**6 - 1/2*q**3 - 1/24*q**4 + 0*q + 1/10*q**5 + 0 + 183*q**2. Calculate u(-3).
27
Let x be -2*2/4*-3. Let h(n) = -6*n + n**3 - 5 - x + 4*n**2 + 2 + 0. Let q be (7 + (-5)/1)*-2. What is h(q)?
18
Let r(j) = 3*j**3 - 4*j**2 + 21*j - 27. Let v(b) = 4*b**3 - 5*b**2 + 31*b - 38. Let l(g) = -7*r(g) + 5*v(g). What is l(6)?
-61
Let j(u) be the first derivative of u**3/3 - 7*u**2 - 5*u - 604. Suppose 0 = m - 0*m - 14. Give j(m).
-5
Let n(t) = -t + 14. Let c(x) = 3*x + 22 - 59 - 7. Let p(v) = -2*c(v) - 7*n(v). Calculate p(5).
-5
Suppose -2*u + 2*d = 2, 2*d - 25 = -4*u - 5. Let f(j) = -5 - 7*j**2 + 3*j**2 - j - j**u + 2*j**3 + 0*j**2. Let y = -71 + 75. Calculate f(y).
-9
Let p(l) = l**2 + 5*l - 11. Let s be p(2). Let g(c) = 0*c**2 - 6*c**3 + 1 + 7*c**s + 6*c**2 - 3. Give g(-6).
-2
Let q(p) = -p**2 - 4*p - 3. Let z be (-8)/(-4)*(-3)/6*-149. Let s = -106 + z. Let l = s + -47. Determine q(l).
-3
Let k(x) be the third derivative of 11*x**4/24 - 11*x**3/6 - 1600*x**2. What is k(-3)?
-44
Let v(k) = k**3 - 10*k**2 + 8*k + 4. Let r(n) = -2*n**3 + 12*n**2 + 15*n - 1. Let g be r(7). Suppose -u + 5 = 0, 0 = -g*d + 5*d + 3*u - 6. Determine v(d).
-5
Let u(z) = z**2 + 0*z**2 - 100 - 116 + 203 - 6*z**2. Give u(-3).
-58
Suppose 20*j = 17*j - 63. Let v be 1/5 + j/5. Let q(a) = a. Calculate q(v).
-4
Let a(n) = 111*n + 8343. Let y be a(-75). Let o(d) = -d**3 + 20*d**2 - 33*d - 60. What is o(y)?
-6
Let g = 5391 + -5395. Let w(t) = 3*t**3 + 5*t**2 + t - 7. Let l(r) = 13*r**3 + 20*r**2 + 5*r - 29. Let o(c) = -2*l(c) + 9*w(c). Determine o(g).
15
Let d = 56 + -53. Let s(t) = 11*t - 24. Give s(d).
9
Let r(f) = f + 23. Let k = 59 + -55. Suppose 3*y - 2*b = -0*y + 45, -k*y + 60 = -3*b. Suppose -3*h + 5*m = -h + y, 6 = -3*h + 2*m. Give r(h).
23
Let u(v) = -v - 6. Let h(r) = -r**2 + 9*r + 32. Let w be h(17). Let d = w - -100. Calculate u(d).
-2
Let v(c) = -4*c - 7*c**2 - 5*c**2 + 7*c**2 - c**3 + 3 + 6*c. Suppose 2*k - 23 = -27. Let j be (k + 3)*(-18)/9 - 3. Determine v(j).
-7
Let b(d) = 8*d**2 - 50*d + 20. Let x be b(6). Let k(a) = x*a - 4*a + 1 - 3*a + 1. Let w be (0 + 0)/(-2 - -1). What is k(w)?
2
Suppose 7*c + 4*v - 9 = 4*c, 0 = 4*c - v + 7. Let w(z) = -z**2 - z - 1. Let i(r) = -7*r**2 - 9. Let n(y) = c*i(y) + 6*w(y). Calculate n(7).
10
Let n(u) = -4*u + 3. Let t be n(-1). Let c(p) be the first derivative of p**4/4 - 7*p**3/3 + 2*p**2 - 2*p - 98. Give c(t).
26
Let l be 2*(-3)/(18/69). Let b = l + 16. Let q(c) be the first derivative of -c**3/3 - 3*c**2 + 3*c - 1312. Give q(b).
-4
Let a(u) = 24*u + 8. Suppose -11 = 59*f + 92 + 74. Give a(f).
-64
Suppose 5*d = 3*o - 128, 0 = -3*d + 5*o - 73 - 7. Let y(w) = -5*w - 136. What is y(d)?
-11
Let u(i) = -3242*i**2 - 5*i + i + 3 - i**3 + 3 + 3236*i**2. Give u(-3).
-9
Let y(f) = -3*f + 23. Suppose 4*p - 15 = 5*i, -50 = 4*p - 7*p - 4*i. Give y(p).
-7
Let u(j) = -2*j - 3. Let b(d) = -49*d - 23. Let a(s) = b(s) - 9*u(s). What is a(-1)?
35
Let j(t) = t - 20. Let i = 148 + -150. Let a be (-306)/(-36) - 3/i. Calculate j(a).
-10
Let k(u) be the second derivative of u**5/20 + 7*u**4/12 - 5*u**3/6 + 3*u**2 + 614*u. Determine k(-8).
-18
Let r(i) = -i**3 - 5*i**2 + 8*i + 3. Let f be 5 + 11*(-7 - (-42)/7). What is r(f)?
-9
Let y(g) = g + 1. Let b(k) = k + 1. Let c be (-180)/(-54)*(-3)/2. Let t(z) = c*y(z) + 6*b(z). Determine t(-4).
-3
Suppose -2*i + 5*l = -21, 4*l - 97 + 109 = 0. Let x(s) = 4*s + 24. Determine x(i).
36
Let k(t) = t + 5. Let q = -1 + 6. Let b(w) = -w - 6. Let h(n) = q*k(n) + 4*b(n). Let a be (12 - -2)*1/2. Determine h(a).
8
Let d(n) = -33*n + 5*n**2 + 3*n**3 - 32*n - 19*n + 2 + 71*n. Give d(2).
20
Let n(d) be the first derivative of -d**3/3 - d**2/2 - 8*d - 433. Let j(t) = t**3 + 9*t**2 - 9*t + 10. Suppose 1 = l + 11. Let o be j(l). Determine n(o).
-8
Let o(x) be the second derivative of 1/6*x**3 + 0 - 1/2*x**2 + 5*x. Let j(g) = g**3 + 3*g**2 - 4*g - 10. Let i be j(-3). Calculate o(i).
1
Suppose -r + 348*i = 351*i + 29, i = 2*r + 16. Let m(q) = -q**2 - 16*q - 25. What is m(r)?
30
Let w(t) = 2*t**2 + 8*t + 10. Let o be (-2 - (42/(-5))/3)/((-124)/930). What is w(o)?
34
Let p(r) = -r**2 + 12 - 3*r - 60*r**3 + 5*r + 24*r**3 + 35*r**3 + r. Calculate p(-5).
97
Let u(h) = -h**3 - 9*h**2 - 8*h + 3. Let t(c) = -3*c**3 + 12*c**2 - 2*c - 6. Let y be t(-5). Suppose -4*s - 711 = -y. Give u(s).
3
Suppose -3*f - 4*w = f - 20, 3*w - 12 = 0. Let o(b) = 8 - 15 + 4 + b + f. Determine o(1).
-1
Let b(y) = -y + 4. Let a = 14 - 9. Let d(s) = -5*s + 2349 + 7*s - 2358. Let x(w) = a*b(w) + 3*d(w). Calculate x(0).
-7
Let b = 151 + -156. Let z(r) = -r**3 - 5*r**2 - 2*r - 7. Let u be z(b). Let n(p) = -p**2 + 4*p - 2. Calculate n(u).
1
Let j(m) = 3*m**2 + 33*m - 8. Let s(f) = -3*f**2 - 32*f + 8. Let n(z) = -6*j(z) - 7*s(z). Let a be n(-9). Let d(r) = -6*r**2 - r. What is d(a)?
-7
Let c(f) = 105*f + 62. Let x(b) = -17*b + 2. Let m(p) = -c(p) - 6*x(p). Calculate m(-26).
4
Let p = 1772 - 1764. Let k(c) = 9*c - 18. Calculate k(p).
54
Let s(l) = 4*l**2 - 5*l - 16. Let g = 2313 - 2317. Give s(g).
68
Let b(u) = 71*u**3 - 496*u**2 - 4*u - 11. Let o be b(7). Let q(a) = a - 4 - 5 - 7. Determine q(o).
-6
Let c(j) = 8*j + 150. Let a = 130 + -150. Let d be c(a). Let z(m) = m**3 + 9*m**2 - 9*m + 3. What is z(d)?
-7
Let s(d) = 2*d**2 + 21*d - 60. Suppose 0 = 9*c - 6*c + 4*m + 55, -69 = 5*c + m. What is s(c)?
5
Let h = -130 - -353. Let f(u) = -h + 449 - 227 - u. Suppose 0 = 4*q - 5 + 1. Calculate f(q).
-2
Let l(k) be the first derivative of k**4/24 + k**3 + 34*k**2 + 120. Let g(u) be the second derivative of l(u). Calculate g(-6).
0
Let d(p) = p**2 - 2*p**2 + 3*p - 3*p**2. Suppose 22 = -2*g - 4. Let f(q) = q**2 + 14*q + 15. Let y be f(g). Give d(y).
-10
Suppose 11*t + 105 - 119 = 4*t. Let l(a) be the third derivative of -a**5/20 + a**4/12 - a**3/2 + 5*a**2. What is l(t)?
-11
Let n be 1/3 - 174196/(-222). Suppose 780*k - n*k = 25. Let y(u) = u**2 + 10*u + 3. Let r(b) = -2*b**2 - 21*b - 7. Let c(p) = -4*r(p) - 9*y(p). Calculate c(k).
6
Let c(a) = -a + 46. Suppose 715 = -8*q + 4171. Let p = -432 + q. Determine c(p).
46
Let b(x) = x - 4. Let k(a) = -22*a + 40. Let j(o) = -7*o + 13. Let c(w) = -16*j(w) + 5*k(w). Let p(l) = -5*b(l) + 2*c(l). Let f = 13 + -8. What is p(f)?
-1
Suppose -15*m + 231 = 18*m. Let c(a) = -2*a + 19. What is c(m)?
5
Suppose -200*k - 3*g + 18 = -198*k, -g + 6 = k. Let t(v) = -12*v - 15. Determine t(k).
-15
Let y(k) = k**3 - 2*k**2 - k - 1. Let u be y(3). Suppose u*l + 4*s - 1 = s, -l - 4*s = 10. Let w(o) = -o**3 + 19*o + 2*o**l - 2 + 14*o - 32*o. Calculate w(3).
-8
Let t(g) = 4*g**2 - 53*g + 8. Let j(b) = -29*b - 915. Let q be j(-32). Give t(q).
-5
Let c(h) = 13*h**3 + 54*h**2 - 25*h - 16. Let d(s) = 18*s**3 + 53*s**2 - 24*s - 18. Let a(x) = 4*c(x) - 3*d(x). Determine a(28).
-10
Let j(d) = d**2 + 9*d + 3. Let m = -1295 - -1295. Suppose 0*z + z = -5*a + 20, -2*a + 35 = -5*z. Suppose 6*x - a*x + 8 = m. Give j(x).
-5
Suppose -73 = -3*s + 26. Let t(c) = -6*c + 16. Let r(u) = -u + 3. Let i(b) = s*r(b) - 6*t(b). Let d = 28599 + -28603. Give i(d).
-9
Let c(n) = 139*n + 157*n - 310*n + 25. Determine c(5).
-45
Let m(z) = z**3 - 6*z**2 + 8. Suppose 0 = -526*n + 541*n - 90. Calculate m(n).
8
Let m be (-27)/(-135) - 1/5. Let v(k) = 13*k - 8. Calculate v(m).
-8
Let w(k) = -5*k**2 + 6*k + 2. Let s(q) = q**2 - q. Let l(j) = 9*j - 3. Let v be l(1). Suppose 8*f - 8 = v*f. Let m(n) = f*s(n) + w(n). What is m(5)?
-13
Let s(f) = -7*f - 8. Let z(m) = 2*m - 31. Let u(r) = -r + 11.